5*l - 187 = t - 3*t. List the prime factors of t.
3
Let d(m) = -m**3 - 4*m**2 + 11*m - 3. Let s be d(-6). Suppose -s = 2*f - 9. What are the prime factors of (9/(0 + f))/(12/88)?
2, 11
Let n = 19061 - 52337. List the prime factors of n/(-54) + 8/(-36).
2, 7, 11
Let p(l) = -l**2 + 13*l - 20. Let y be p(11). Suppose -2*f = 4*h - 2*h + 12, y*f = -4*h - 24. What are the prime factors of 74/h*(1 - 4)?
37
Let t = -3901 + 12862. List the prime factors of t.
3, 29, 103
Suppose -3*a + 74 = 68. Suppose -a*i = -3*r - 829, 0*i + 4*r + 1648 = 4*i. List the prime factors of i.
11, 37
Suppose 0 = 2*c - f + 6*f - 16, -5*c + 3*f = 22. Let l be 3*(4 - 4 - c). Suppose -3*b = -l*b + 90. List the prime factors of b.
2, 3, 5
Suppose -4*t + 3*q = -20199, t - 6*t + 25240 = 5*q. Suppose -10*r + 19*r = t. What are the prime factors of r?
3, 11, 17
Suppose 3*t = 3*z + 21363, 6*z - 7115 = -t + 4*z. What are the prime factors of t?
3, 7, 113
Let o be 18/15 + 36/(-30). Suppose 3*s = j - 318 + 34, -s - 5 = o. What are the prime factors of j?
269
Let v be (-2)/7 + (-5)/(35/(-37298)). Let d be ((v/15)/(-6))/((-2)/10). Let t = -205 + d. List the prime factors of t.
7, 13
Suppose -3*y = -0*y + 21. Let h(v) = -v**3 - 7*v**2 - 2*v + 7. Let b be h(y). List the prime factors of (140/42)/(2/b).
5, 7
Suppose -57*n - 42*n = 99*n - 2582118. List the prime factors of n.
3, 7, 23
Let q = 42788 - 24406. What are the prime factors of q?
2, 7, 13, 101
Suppose h + 20 = -2*m - 77, 193 = -2*h - 3*m. Let a = 385 - h. List the prime factors of a.
2, 3, 5
Suppose 6*x - 10*x = -5*m + 53323, -x - 31991 = -3*m. List the prime factors of m.
10663
Let o(w) = -2 + 4 - 86*w - 62*w - 7. Let z be o(-1). Suppose q + 3*t - 123 = 0, 3*q - 2*q - z = t. What are the prime factors of q?
2, 3, 23
Suppose -i - 3*w = -82580, 4*w = 70*i - 74*i + 330280. What are the prime factors of i?
5, 7, 337
List the prime factors of ((-80)/(-20))/((-24)/(-42474)).
7079
Let u(p) = 143 + p**2 + 159 + 4*p - p**3 - 13. What are the prime factors of u(0)?
17
Suppose k = -2, b + 3*k - 20762 = -920. List the prime factors of b.
2, 3, 827
Let u(v) = -921*v**3 - 10*v**2 + 22*v + 78. What are the prime factors of u(-2)?
2, 3, 409
Let s = -57 - -62. Let d(v) = s - v + 4 + v**2 + 12 + 2*v. What are the prime factors of d(8)?
3, 31
Suppose 34425 - 538029 = -8*j - 4*j. What are the prime factors of j?
3, 4663
Suppose -5*n = -7*i + 3*i + 26877, 5*i + 6*n = 33584. What are the prime factors of i?
2, 3359
Let m(t) = t**3 + 5*t**2 + 3*t - 1. Let q be m(-4). Suppose 4*g = 12, -j + q*g = g + 1. Suppose -j*p + 376 = -p. List the prime factors of p.
2, 47
Let b(h) be the third derivative of -3*h**4/8 - 20*h**3/3 + 2*h**2 + 9*h. Suppose 0 = r + 4*r + 65. List the prime factors of b(r).
7, 11
Suppose -2*u + v - 4*v = -27, -v = -4*u + 19. What are the prime factors of (-16)/u*(-156)/8?
2, 13
Let s = -37301 - -54995. List the prime factors of s.
2, 3, 983
Suppose 42*z - 36*z = -58*z + 593344. What are the prime factors of z?
73, 127
Let m(y) = -y**3 - 20*y**2 - 53*y - 9. Let x be m(-17). Suppose x*p + 1414 = j + 24*p, 0 = -5*j - 5*p + 7120. What are the prime factors of j?
3, 11, 43
List the prime factors of (2579/(-9))/((-15)/135 + 0).
2579
Let y(k) = k**3 - 3*k + 2. Let j be y(2). Suppose 3*o + 6*t - 3*t + 3 = 0, -t = -j*o + 11. What are the prime factors of (-36)/(-6) - 8/o?
2
Let l be 2/(-30) - 3864/90. List the prime factors of (38/4)/(l/(-3096)).
2, 3, 19
Suppose 7*f - 316 + 274 = 0. What are the prime factors of (52 + 71)*(f + 1)?
3, 7, 41
Suppose -56*o - 13782 = -2*i - 58*o, 4*i = 2*o + 27564. What are the prime factors of i?
3, 2297
Let r(s) = 6*s**2 + 6*s - 12. Let i(u) = u. Let q(x) = -9*i(x) + r(x). Let b be q(5). Suppose -7*g + b = -4*g. What are the prime factors of g?
41
Suppose -31 = 2*v - 23. Let c be ((-98)/v)/((-1)/(-6)). Let i = 266 - c. List the prime factors of i.
7, 17
Let s = 3405 - -2981. What are the prime factors of s?
2, 31, 103
Suppose -448*h = -431*h - 22916. List the prime factors of h.
2, 337
List the prime factors of (-3)/(41724/20864 - 2)*1512/336.
2, 3, 163
Suppose 0 = -99*t + 116*t - 93806. List the prime factors of t.
2, 31, 89
Suppose -5*b - 13 = -38. Suppose 4905*d - 21 = 4898*d. Suppose 5*o + 2*c = -3*c + 35, -b*c = -d*o - 3. List the prime factors of o.
2
Let w(j) = -3*j**3 - 26*j**2 - 12*j - 9. Let d be w(-9). Suppose -2*i + d = -74. Suppose -i = -2*q + s, -q = -0*q + 5*s - 80. What are the prime factors of q?
5, 13
Let h(c) = 1079*c - 714. What are the prime factors of h(9)?
3, 2999
Let f = -18 - -16. Let i(v) = -34*v**2 - 2*v - 1. Let d(s) = 17*s**2 + s + 1. Let t(q) = -5*d(q) - 3*i(q). List the prime factors of t(f).
2
Let a(z) = -z**3 - 7*z**2 + 27*z + 15. Let v = -65 + 54. What are the prime factors of a(v)?
2, 101
Suppose 4*n - 44 = -b, 2*n - 62 = -3*b + 4*n. What are the prime factors of (-1507)/(-44)*(b/(-3))/(-1)?
2, 137
Let t = -11325 - -28256. List the prime factors of t.
16931
Let h(f) = 37*f**2 - 37*f + 158. List the prime factors of h(18).
2, 5, 7, 41
Let o be -58*349/(-10) + 5/(-25). Let n = o + -553. List the prime factors of n.
1471
Let q(a) = 4*a - 17. Let s be q(11). Suppose o = 4*o + h - s, 5*o + 4*h - 45 = 0. Suppose 4*z - o*z + 630 = 0. What are the prime factors of z?
2, 3, 7
Suppose h - 896 = 5*z, -6*z - 4600 = -5*h - 11*z. Suppose -h = 6*m - 3544. Suppose -11*c + 1736 = m. What are the prime factors of c?
2, 59
Suppose 2*k + 4*t + 20 = 4*k, -2*k = -t - 17. List the prime factors of 484 - -8 - 3/(6/k).
2, 61
Suppose 0 = -4*t - 767 + 3159. Let g = 1987 + -2409. Let i = g + t. What are the prime factors of i?
2, 11
Let l(w) = 5572*w + 10213. List the prime factors of l(8).
3, 7, 2609
Suppose 2817 + 3364 = 2*h - t, 2*h = 4*t + 6166. List the prime factors of h.
3, 1031
Suppose -4*k + 82 = -3*n, 5*k - 2*n - 62 = 44. Let w(z) = z**2 - 21*z - 22. Let h be w(k). Suppose -o + 67 = 4*x, h = -2*o + 6. What are the prime factors of x?
2
Suppose -4*z - 4 = 3*w, -4 = 5*w + 9*z - 5*z. Suppose -25*b + 30*b - 1255 = w. List the prime factors of b.
251
Let x be 3/(9/(-2)) + 21268/78. Let g be (3/2)/(51/x). Suppose -g*w - 252 = -10*w. What are the prime factors of w?
2, 3, 7
Suppose 6*k - 12*k - r = -38093, 12697 = 2*k + r. What are the prime factors of k?
7, 907
Let l(q) = -q**3 + 8*q**2 + 7*q + 22. Let j be l(9). Suppose -j*b + 293 = -523. Suppose -y = -0*y - 3*v - 58, 3*y - b = 3*v. List the prime factors of y.
73
Let v(n) = -5*n**3 - 23*n**2 - 34*n - 903. List the prime factors of v(-16).
43, 331
Suppose 12 = 6*m - 0. Suppose 0*u + 3*f + 33 = u, 5*u + m*f - 233 = 0. What are the prime factors of 548/3 - -3*5/u?
3, 61
Let k(v) = 35*v**3 - v. Let s be 1/(((-1)/5)/(12/(-20))). Suppose 12*r = 15*r - s. List the prime factors of k(r).
2, 17
Let r(t) = 73*t**2 + 5*t + 7. Let g be (207/18 + -12)*(4 - 0). List the prime factors of r(g).
17
Let j(o) = 14*o**2 - 536*o + 96. List the prime factors of j(-20).
2, 3, 19
Let a = 94 - 65. Let t = -26 + a. Suppose s - 3*c + t = 0, 2*s + 2*c = -2*c + 14. List the prime factors of s.
3
Suppose 13*k - 2099300 = -127*k. What are the prime factors of k?
5, 2999
Suppose -87 = -2*b - b. Suppose b*p + 17350 = 54*p. What are the prime factors of p?
2, 347
Suppose 61*r + 533096 = 172*r - 1944091. What are the prime factors of r?
3, 43, 173
Let y(s) = -18*s + 278. Let a be y(16). What are the prime factors of a*(-7 - 2349/15)?
2, 409
Suppose 4*h - 1469 = 3*h + 3*y, 3*h + 2*y - 4440 = 0. Suppose -4*f - 7*s + 6*s + 1967 = 0, 3*f - h = 2*s. What are the prime factors of f?
2, 3, 41
Let d(t) = -2*t - 1. Let c(y) = -y. Let h(f) = -3*c(f) + 2*d(f). Let u be h(-7). List the prime factors of 3/(-3) + (3 - (-290)/u).
2, 3, 5
Let q be 2/(-4) - ((-319734)/12 + -12). Suppose 13*f = -f + q. List the prime factors of f.
2, 7, 17
Suppose -p = -3*c + 8*c + 1, -3*c + 2*p = -2. Let m(o) = -19*o + 162. What are the prime factors of m(c)?
2, 3
Suppose 18 = 4*n + 2*z, -z + 12 = 3*n + 2*z. Let s be (2/4)/((5/(-76))/n). Let c = 153 + s. List the prime factors of c.
5, 23
Let l(v) = 39*v + 93. Let u be l(-3). What are the prime factors of (260/60)/(u/27 - -1)?
3, 13
Let g = -21137 - -39346. List the prime factors of g.
131, 139
Let k be (-3)/(-1) - (-15)/(-1 - -4). Let f(c) = 200*c - 4*c**2 - 173*